 third derivative of -4*r**2 + 2/3*r**3 + 1/30*r**5 + 35*r + 0 - 7/24*r**4. What is m(4)?
8
Let p(v) = v**2 - 8*v + 16. Let h = 2744 - 2751. Give p(h).
121
Let q(r) = -14681*r + 4940*r + 4890*r + 180 + 4910*r - 777. What is q(10)?
-7
Let k(v) = -v - 5. Let w be k(-5). Let o = -99 - -100. Let g(a) = 3*a**3 - 2*a**2 + 3. Let x(u) = u**3 - u**2 - 1. Let d(f) = o*g(f) - 2*x(f). Calculate d(w).
5
Let l(x) = -x**3 + 18*x**2 - 21*x + 65. Let u be ((408/5)/8)/(3/5). What is l(u)?
-3
Let j be -3*((-6)/6 - 1). Let g(i) = 5*i**3 - 9*i + 12. Let o(k) = 14*k**3 - k**2 - 26*k + 35. Let v(s) = j*o(s) - 17*g(s). Calculate v(-5).
-4
Let m(n) = 2*n**2 + 3*n + 4. Let u be 6/(-45) + (-95)/(-150) + 28/(-56). Determine m(u).
4
Let r be (-21)/84 + -194*1/(-8). Let t(c) = r - 18 - c + 9. What is t(13)?
2
Let k = 472 - 470. Suppose 3*n - f = 10, -4 = -3*f + k. Let u(c) = c**3 - 5*c**2 + 4*c - 1. Give u(n).
-1
Let t(g) = g**3 - 10*g**2 + 26*g - 47. Suppose 0 = 4*u + o - 21, -21 = -24*u + 22*u + o. What is t(u)?
-12
Suppose -462*q + 24*q = 407*q - 45*q. Let s(f) = 0*f + 2 - 2*f + f. Give s(q).
2
Let v be (((-45)/25)/3)/(3/(-270)). Suppose -65*i - v = -59*i. Let o(d) = d**2 + 10*d + 7. Give o(i).
-2
Let w(d) = 2*d**3 + 41*d**2 + 19*d - 7. Let g be w(-20). Let y(m) = -5811 + g*m**2 + 5812 - 4*m**2. Give y(-1).
10
Let h(i) be the third derivative of -i**4/24 + 5*i**3/2 - 2*i**2. Let p(w) = -23*w - 544. Let t be p(-24). Determine h(t).
7
Let r = -2105 - -252601/120. Let g(y) be the third derivative of 15*y**2 + 0*y + 1/2*y**3 - r*y**6 - 1/4*y**4 + 0 + 1/10*y**5. Determine g(4).
11
Let k(a) = a**2 - 10*a - 3. Suppose 235 = -10*s - 275. Let y = -41 - s. Give k(y).
-3
Let k be (-7)/28*2 + 2/4. Let b = 1 + k. Let f(g) = g**2 - g + 1. Let y(d) = 2*d**3 - 4*d**2 + 4*d - 5. Let z(i) = b*y(i) + 3*f(i). Calculate z(2).
12
Let o be (2 - -8)/(20/8). Let u(h) = 7 - 15 + 9 + 5 + 2*h**2 - 6*h. Determine u(o).
14
Let z(x) = x**3 - 2*x**2 - 11*x + 21. Suppose -24 = m + 4*d, -m - 3*d - 17 = -0. Determine z(m).
9
Suppose 75*a = 70*a. Let d(f) = 7 - 2312*f**2 + a*f + 2311*f**2 - 2*f. Determine d(4).
-17
Let t(u) = u**2 + 3*u. Let v(a) be the third derivative of -a**5/60 - a**4/4 - a**3/2 + 30*a**2. Let p be v(-6). Calculate t(p).
0
Let n(j) = 13*j**2 + 10*j + 16. Let a(s) = -6*s**2 - s - 4. Let m(w) = 2*a(w) + n(w). Give m(-5).
-7
Let m(a) = -a**2 + a + 135. Let l(p) = -4*p**3 + 117*p**2 - 32*p + 99. Let n be l(29). Give m(n).
3
Let h(t) = -6*t + t - 51 + 4*t + 144 - 74. What is h(16)?
3
Let n(c) = c - 2. Suppose 5*i = 2 + 13. Suppose i*t - 9 = -3. Suppose 2*b = 7*b - 5*x - 30, -t*b = 5*x + 2. Give n(b).
2
Let s = 2 + 1. Let b(h) = h**3 - 2*h**2 + 13*h + 38. Let u(l) = -2*l**3 + 4*l**2 - 21*l - 63. Let x(k) = 5*b(k) + 3*u(k). Give x(s).
-2
Let c(v) = v**2 - v. Let i(t) be the first derivative of -t**4/4 - 2*t**3/3 + t**2 - 9*t + 79. Let y(l) = -2*c(l) - i(l). Give y(0).
9
Let j(i) be the second derivative of -i**7/840 - i**6/72 - 7*i**4/24 - 61*i**3/3 - 8*i - 2. Let s(c) be the second derivative of j(c). What is s(-5)?
-7
Let n be (-2 - 3)*4*(-1)/4. Let t(o) = -o**3 + 2*o**2 - 12*o + 10. Let b(j) = -j**3 + 3*j**2 - 10*j + 9. Let z(u) = n*t(u) - 6*b(u). What is z(8)?
-4
Let b(w) = -4*w - 11*w**2 + 839 + 5*w - 9*w**2 + 5*w - w**3 - 735. What is b(-20)?
-16
Let l(k) = -4*k**2 - 399*k - 327. Let u be l(-99). Let b(q) = -q**3 - 33*q**2 - 88*q + 66. Give b(u).
6
Let d(h) = -h**3 + h**2 - h - 21. Let z = 11523 + -11526. Calculate d(z).
18
Let c(t) = t**3 - 8*t**2 - 50*t - 17. Let i be c(12). Let n(u) = 2*u + 80. What is n(i)?
-2
Let t(i) be the second derivative of -i**4/12 - i**2 + 1921*i. Suppose -2*c + 5*c - 6 = 0. Give t(c).
-6
Let b(l) = -l**2 - 7*l + 4. Let n be b(-7). Let m(r) = r**3 - 22*r**2 + 71*r + 18. Let p be m(18). Let w(f) = 2*f - 8 + p + n*f + 1. Determine w(5).
23
Let p(z) = 1 - 3*z - 51*z**2 + 159*z**2 - 62*z**2 - 45*z**2. Give p(0).
1
Let f(k) be the third derivative of -k**7/1008 - k**6/720 - 107*k**5/60 - 15*k**2 + 5*k. Let p(t) be the third derivative of f(t). Determine p(-3).
14
Let i(b) = 4*b**2 - 2*b - 2. Let k(m) = 8*m + 1. Let u be k(1). Let j(y) = -y**2 + 9*y - 23. Let l be j(u). Let o = l + 25. Give i(o).
10
Let u(n) = -3*n + 1. Suppose -34*m = -29*m + t - 9, -2*t + 8 = 5*m. Suppose 8 = -4*r - m*a, 3*r - 4*r - 2*a = 2. Determine u(r).
7
Let g(t) = -4*t. Suppose 0 = 122*m - 125*m + 9. Suppose -5*o + 10*u = 7*u - 21, -m = -3*o - 3*u. Determine g(o).
-12
Suppose -4*m - 7 = -a + 4*a, 2*m + 3*a = -11. Let t(z) = -z**2 + 2*z**2 + 15 - z**3 + m*z + 0*z**2 - 12*z**2. Determine t(-11).
-7
Let b(f) = -f**3 + f**2 - 12*f**2 - 5 + 12*f + 5*f**2 - 7*f**2 + 2*f**3. Let d be ((-2)/3)/(2/(-3)) + 11. Give b(d).
-5
Let x(l) = l**3 - 5*l**2 - 5*l + 2. Let s = 102 + -96. Give x(s).
8
Let b(v) = 2*v + 1. Let i(d) be the third derivative of -11*d**4/24 - 7*d**3/3 + 11*d**2 + 1. Let m(h) = 6*b(h) + i(h). Give m(8).
0
Let z(t) = t**2 + 8*t. Suppose -4*i = -2*d - 20, 3*d + 9 = 4*i - 5*i. Let f be -5 + i + 6 + -12. Determine z(f).
0
Let w(t) be the second derivative of t**6/120 - t**5/15 + t**4/6 + 131*t**2/2 + 215*t. Let i(s) be the first derivative of w(s). Calculate i(4).
16
Let d be (-1 - 4/12)/(5/(-60)). Let u(m) = -24*m + 59*m - 5 - 17*m - d*m - 6. Give u(10).
9
Let r(o) = o - 14. Let m = 23 - -1. Suppose -6 - m = -5*q. Suppose 0*b = -q*b. Give r(b).
-14
Let q(j) = -12*j**3 - 12*j**2 - j - 1. Let z(w) = -w**3 - 2*w**2. Let m(x) = q(x) - 7*z(x). What is m(-2)?
49
Let i be (8 + -9)*0/1. Suppose 38 = 2*f - i*f - 4*b, -70 = -4*f + 5*b. Suppose 3*y - f = -3. Let k(h) = -h**2 + 4*h + 4. Determine k(y).
4
Let w = 288 - 283. Suppose 3*f = -w*l, 3*l - 47*f = -46*f. Let r(b) = -b + 4. What is r(l)?
4
Let t(s) = 9 - 226*s**3 - 21 - 28*s**2 - 220*s**3 - 116*s + 445*s**3. Determine t(-23).
11
Let t(l) be the second derivative of l**6/120 - l**5/60 + l**4/24 - 9*l**3/2 + 55*l**2/2 - 41*l. Let v(k) be the first derivative of t(k). What is v(0)?
-27
Let x(u) = -102*u + 1120. Let k be x(11). Let y(j) = -23*j + 3. Give y(k).
49
Let p be 4*(315/2)/(-5). Let i = p - -133. Let n(d) = -d**3 + 8*d**2 - 7*d + 1. What is n(i)?
1
Let i(z) = z**2 + 7*z + 5. Let v(q) = q + 1. Let r(f) = i(f) + 3*v(f). Let x = -1571 + 1564. Determine r(x).
-13
Suppose h - 33*q + 29*q = 20, 5*q = -2*h - 25. Let m(a) be the third derivative of h*a + a**2 + 1/24*a**4 + 1/12*a**5 + 0 + 0*a**3. Determine m(1).
6
Let v(q) = q + 4. Suppose -12 = -5*r + 3*n, 18 = 21*r - 23*r + 5*n. Let f(m) = m**2 - m - 5. Let d be f(4). Suppose d*t = 5*t - r. Give v(t).
1
Let s be (-1)/(-14)*(-1792)/(-32). Let q(z) = -51*z + 216. Give q(s).
12
Let w(y) = 36*y + 225. Suppose -s + 2*i = 0, -5*s - 31*i + 32*i = 27. Determine w(s).
9
Let s(a) = 260 + 60*a**2 - 61*a**2 - 15*a + 6*a**3 - 244. Let d be s(1). Let q(u) = -2*u + 8. Calculate q(d).
-4
Let c(m) = 8*m**3 - 15*m**2 - 19*m - 19. Let y(k) = 2*k**3 + k**2 - 4. Let w(a) = c(a) - 5*y(a). Determine w(-9).
10
Let m(y) = -y**3 + 9*y**2 - 6*y - 22. Let o be (-1)/(72/32) + (-336)/(-27) + -4. Determine m(o).
-6
Let n = 27 - 27. Suppose n = -q - 4*k - 11, 1 = q - k - 3. Let a(l) = -11*l**2 - 9*l. Let j(c) = -3*c**2 - 2*c. Let g(d) = -2*a(d) + 9*j(d). What is g(q)?
-5
Let y(l) = -18*l**2 + 15*l - 2. Let c(o) = o**2 + o + 1. Let v(b) = -2*c(b) + y(b). Let n(t) = 9*t**2 - 7*t + 2. Let i(w) = 9*n(w) + 4*v(w). Determine i(10).
-8
Let l(h) be the third derivative of -h**5/20 - 3*h**4/8 + h**3 - 737*h**2. What is l(-5)?
-24
Let j(i) = i**3 - 20*i + 93. Let h be j(-6). Let o(c) = -c - 8 - 10*c + 11. Give o(h).
36
Let u be (34/4)/((-2)/(-4)). Suppose -3*q + 2 = u. Let f(k) = -7*k**2 - 20*k - 11. Let m(w) = -4*w**2 - 11*w - 6. Let z(d) = 3*f(d) - 5*m(d). Determine z(q).
-3
Let a(f) = -4*f + 9 + 29*f**2 - f**3 - 143*f**2 + 118*f**2. What is a(6)?
-87
Let a(o) be the third derivative of -o**6/360 + 3*o**5/40 + o**4/12 + 70*o**3/3 + 3*o**2 - 6. Let v(s) be the first derivative of a(s). Give v(9).
2
Let z be (-1)/(6/16 - (-9)/(-216)). Let q(f) = -f - 6. Let o be q(-8). Let p(h) = 48*h**2 - 45*h**2 - 3*h + o*h**3 - h. Determine p(z).
-15
Let z(h) = -h - 9. Suppose -16*l = 4*l - 320. Suppose -s = 2*a - 3*s - l, -3*a + 32 = 5*s. Determine z(a).
-18
Let h(g) = -7*g**2 - 3*g - g + 23 + 8 - 91*g**3 + 90*g**3 - 21. Calculate h(-6).
-